3*n + 2*h + 54, -4*n = -4*h + 54 - 2. Let m = 24 + n. List the prime factors of m.
2
Let z(d) = 269*d + 103. List the prime factors of z(2).
641
Let g(k) = 2*k - 5 - 11*k**2 + k**3 + 5*k + 5*k**2. List the prime factors of g(5).
5
Let r(n) = 23*n**2 + n + 2. What are the prime factors of r(9)?
2, 937
Let m(d) = -5*d - 8. Let y be m(-2). Suppose 3*t + 3*u = 36, -y*t + 49 = 2*t + 5*u. What are the prime factors of t?
11
Let w = 98 - 94. Suppose -w*o = o - 155. List the prime factors of o.
31
Let p(v) = -v**3 + 28*v**2 - 44*v - 101. What are the prime factors of p(25)?
2, 337
Let n(j) = 11*j**2 + 4*j + 4. Suppose 5*b - 10*b - 15 = 0. List the prime factors of n(b).
7, 13
Let g be (-6)/(-1)*92/6. Let l = g + 40. What are the prime factors of l?
2, 3, 11
Suppose 17433 = -4*d + 17*d. List the prime factors of d.
3, 149
Let b(r) be the second derivative of 2*r**3/3 - r**2 - r. Let o be b(2). List the prime factors of (-4 + o)*11/2.
11
Suppose c = 4*k - 4*c - 48, 0 = -3*k + 3*c + 39. Let y = -3 + k. Let j = y + 6. List the prime factors of j.
2, 5
Let u be -218*3/(-6) - 1. Suppose 5*p - 2*a + u = 0, -3*a + 8*a + 20 = -2*p. List the prime factors of (-445)/p + 2/(-8).
2, 11
Let x be ((-6)/(-4))/(1/2). Let o be (-7)/x*-3 + 1. Suppose -2*k - 6 - 7 = -a, -4*k = -o. List the prime factors of a.
17
Suppose -4*t + 223 + 1349 = -4*r, -2*r + 396 = t. List the prime factors of ((-22)/55)/(t/395 + -1).
2, 79
List the prime factors of 31*2*(8 - 5).
2, 3, 31
Let f(o) = -7*o + 5. Let d be f(5). Let w be (-198)/d - 4/(-10). Let y(t) = t**2 - 7*t + 8. What are the prime factors of y(w)?
2
Suppose 5*g = -2*n - 0*g - 2, n = 5*g - 16. Let a(o) = -2*o**2 - 12*o - 5. Let t be a(n). What are the prime factors of (-65)/t - (-3)/(-1)?
2, 5
Let l be (-2)/(111/(-39) + 3). Let c = l + 15. Suppose -b - 4*b = 15, 0 = c*z + 3*b - 93. What are the prime factors of z?
3, 17
Let k(s) = -s**2 - 9*s - 14. Let h be k(-6). Suppose 4*x - 6*x + h = 0. Suppose x*w = 6*w - 68. List the prime factors of w.
17
Let m = 1329 - 216. What are the prime factors of m?
3, 7, 53
Let v = -900 + 1365. List the prime factors of v.
3, 5, 31
Let o(g) = -2*g + 23. Let x be o(7). Let r(l) be the second derivative of l**3/3 + l**2 + l. What are the prime factors of r(x)?
2, 5
Let k = -30 - -67. Let p = -8 + k. What are the prime factors of p?
29
Let x(b) = -354*b**3 - 2*b**2 - 4*b - 2. What are the prime factors of x(-1)?
2, 3, 59
Suppose 27 = 4*i - 9. Let d be ((-36)/8)/i*-10. Suppose 3*q + r = 151, 0*r - 10 = d*r. What are the prime factors of q?
3, 17
Let z(q) = -9*q - 3. Let u be z(-4). Suppose -2*k + 161 = 5*s + u, 366 = 5*k + s. Let a = -38 + k. List the prime factors of a.
2, 3
Let v(u) = 23*u + 15. Let d be v(11). Let o = d - 170. Suppose 4*z - o - 86 = 0. List the prime factors of z.
2, 23
Let h(s) = -8*s. Let u be (2/2)/((-7)/(-49)). Let y be h(u). Let k = -37 - y. What are the prime factors of k?
19
Let a(o) = -o**3 + 6*o**2 - 2*o + 5. Let m be (-20)/5 - 20/(-2). Let g be a(m). Let b(z) = -z - 2. What are the prime factors of b(g)?
5
Let m(t) be the first derivative of -t**4/2 - 2*t**3 - t**2 + 7*t - 3. List the prime factors of m(-3).
13
Suppose -189*c + 192*c - 2934 = 0. What are the prime factors of c?
2, 3, 163
Suppose 5*g = -4*y + 1056, -2*y = 5*g - 8*g - 528. List the prime factors of y.
2, 3, 11
Suppose -2*c = -2*h - 8, 4*c - 4*h + 19 = 5*c. Let p = 118 + c. What are the prime factors of p?
5
Suppose 5*s + 3*c + 110 = 0, -2*c - 6 - 16 = s. Let q be 12/66 - 40/s. Suppose -5 = -q*g + 27. What are the prime factors of g?
2
Let y(u) = -u**3 + 10*u**2 + u + 213. List the prime factors of y(0).
3, 71
Suppose -413 = -l - 4*r, -4*l - r + 795 + 782 = 0. List the prime factors of l.
3, 131
Let a(c) = -c**3 - 8*c**2 - 14*c - 20. Let i be a(-10). Let h = i + -218. List the prime factors of h.
2, 3, 17
Let r be 3/(-2)*(2 + -4). Suppose n - 48 = -r*n. Suppose -3*k + 3 + n = 0. What are the prime factors of k?
5
Let d(x) = x**2 + 3. Let j be d(3). Let b(z) = -z + 22. Let y be b(j). List the prime factors of 31/3 + y/(-30).
2, 5
Let c(k) = 8*k - 13. Let b be c(2). Suppose 3*d - 69 - 44 = -4*m, b*m = 3*d + 111. List the prime factors of m.
2
Let k be (-2)/(-4)*-6 - -7. Suppose 0 = k*a - 3*h - 284 + 42, a = -5*h + 49. Let c = -17 + a. List the prime factors of c.
2, 3, 7
Let q = -1805 + 3002. What are the prime factors of q?
3, 7, 19
Suppose 0 = -280*w + 275*w + 3645. List the prime factors of w.
3
Let m(c) = -c**2 - 25*c - 21. What are the prime factors of m(-20)?
79
Suppose 0 = -2*w - 5*c + 868, 2*w + 14*c - 852 = 13*c. List the prime factors of w.
2, 53
Let j(w) = -w + 2. Let k be j(6). Let a be (-1 + (-4)/k)/(-2). Suppose -3*f + f + 52 = a. What are the prime factors of f?
2, 13
Let l(d) = 3*d**2 - 12*d. Let p be l(4). List the prime factors of (-4)/24*-3*(190 - p).
5, 19
Let j(u) = -270*u - 70. List the prime factors of j(-8).
2, 5, 11, 19
Suppose 14*n = 12558 + 53774. List the prime factors of n.
2, 23, 103
Let p be (6/(-4))/(6/(-8)) + 11. Suppose 0 = -p*c + 11*c + 166. List the prime factors of c.
83
Let t(o) = 0 + 12*o - 10*o - 1 - 7*o. Suppose -3*k = 3*i + 2*i + 8, -5*i + 5*k = 40. What are the prime factors of t(i)?
19
Suppose -1028 = -2*w - 4*b, 5*w - 5*b - 994 - 1561 = 0. What are the prime factors of w?
2
Let v = -31 - -17. Let f(l) = -3 + l**2 - 5 + 3 + l + 12*l. List the prime factors of f(v).
3
Suppose 4*u + 6144 = 12*u. Suppose 0 = 10*p - 652 - u. What are the prime factors of p?
2, 71
Let p = -44 + 29. Let f = 17 + p. List the prime factors of 168/6*f/2.
2, 7
Let w = 30 - 43. Let v(z) = -z**2 - 12*z - 8. Let s be v(w). Let k = 53 + s. List the prime factors of k.
2
Let k(c) = 2*c**2 + 2*c - 8. Let u be k(-3). Suppose -4*f + 287 = -5*a - 99, -5*a = u*f - 406. What are the prime factors of f?
3, 11
Suppose 3*z = n + 6, -3*z - 6 = -6*z - 4*n. List the prime factors of (4 - 3)/(z/4).
2
Suppose -4*u - 59 = -5*k, 5*u + 5*k + 9 + 31 = 0. List the prime factors of 7 - 5 - u*2.
2, 3
Let k(c) = -625*c + 12. Let l be k(1). Let u = 860 + l. What are the prime factors of u?
13, 19
Suppose -2*b - w + 41 = -0*w, -4*b = 4*w - 76. Let q = 4 - 7. List the prime factors of (q + (-9)/(-2))*b.
3, 11
Let a(q) = q**3 + 5*q**2 - 7*q - 4. Let i be a(-6). Let c(d) = 10*d. What are the prime factors of c(i)?
2, 5
Suppose 0 = -7*q - 25 - 353. Let y = -242 + 160. Let o = q - y. What are the prime factors of o?
2, 7
Let q = -51 + 173. What are the prime factors of q?
2, 61
Let g(j) = -j - 20. Let o be g(10). Suppose 2*x + 3*i - 129 = 0, 2*x - i = -2 + 111. Let l = x + o. What are the prime factors of l?
3
Let b(s) = 19 - 4*s**3 - 2*s**3 + 3*s**3 + 11*s + 2*s**3 - 21*s**2. What are the prime factors of b(-22)?
3, 29
Let x(s) = -s**3 + s**2 + s - 2. Let f be x(-3). Suppose -31*i + 41*i = -100. Let h = f + i. What are the prime factors of h?
3, 7
Suppose -13*o + 10387 = 65. List the prime factors of o.
2, 397
Suppose -4*a = -3*c - c + 200, 2*c - a - 99 = 0. Suppose 3*o - 5*h + 39 = 0, h = 3*h. Let d = o + c. What are the prime factors of d?
2, 3
Let t(k) be the third derivative of k**5/60 + 11*k**4/24 + 2*k**3 - 18*k**2. List the prime factors of t(-14).
2, 3
Let w be (8 - 30/5) + 1*322. Let j = 549 - w. What are the prime factors of j?
3, 5
Let w(n) = 263*n**2 - 9*n - 7. Let r(o) = 132*o**2 - 4*o - 3. Let u(b) = 5*r(b) - 2*w(b). What are the prime factors of u(-1)?
3, 5
Suppose 2*y + 1270 = 4*p - 252, 3*y = 4*p - 1527. List the prime factors of p.
2, 3, 7
Let z(y) = 2*y**2 + 2*y + 10. Let q be z(-3). Suppose q*p - 426 = 16*p. List the prime factors of p.
71
List the prime factors of (2 - 4/(-12)*-7)*-687.
229
Let c(d) = d**3 + 7*d**2 + 3*d + 9. Let z be (-20)/15*9/(-6). Suppose -z*a + 0*a = 12. What are the prime factors of c(a)?
3
Let g = 30 + -20. Let q = 16 - 9. Let o = g + q. What are the prime factors of o?
17
Let k be (-3)/(-3) + (-1 - 1). Let h be (39/(-65))/(k/25). Suppose -5*b + 65 = -h. What are the prime factors of b?
2
Let z(d) = -d**3 - d**2 + 3*d + 4. Let h be z(-3). Suppose -2*q + 8 = 4*x - 6*x, 0 = 5*q + 5*x. Let c = h + q. What are the prime factors of c?
3, 5
Suppose -6*q = -917 + 359. What are the prime factors of q?
3, 31
Let a(j) = j**2 - 2*j + 9. Suppose 0*o - 12 = -3*o - 5*w, 0 = 3*w. Suppose -2